{"id":19,"date":"2023-09-18T10:30:50","date_gmt":"2023-09-18T08:30:50","guid":{"rendered":"http:\/\/geodeta-krakow.com.pl\/?page_id=19"},"modified":"2024-03-03T17:02:33","modified_gmt":"2024-03-03T16:02:33","slug":"wspolpraca-z-klientem","status":"publish","type":"page","link":"https:\/\/geodeta-krakow.com.pl\/index.php\/wspolpraca-z-klientem\/","title":{"rendered":"Wsp\u00f3\u0142praca z klientem"},"content":{"rendered":"<p><span style=\"color: #000080;\"><strong>Zasady wsp\u00f3\u0142pracy z klientami:<\/strong><\/span><\/p>\n<p>&nbsp;<\/p>\n<p><span style=\"color: #000000;\"><strong>\u2013 rozmowa wst\u0119pna, rozeznanie sprawy \u2013 gratis<\/strong><\/span><\/p>\n<p><span style=\"color: #000000;\"><strong>\u2013 brak sztywnego cennika, indywidualne uzgadnianie z Klientem ceny umownej za us\u0142ug\u0119<\/strong><\/span><\/p>\n<p><span style=\"color: #000000;\"><strong>\u2013 skuteczne doprowadzanie sprawy do ko\u0144ca, nie rezygnowanie w przypadkach trudnych<br \/>\nlub \u00a0spornych<\/strong><\/span><\/p>\n<p><span style=\"color: #000000;\"><strong>\u2013 branie pod uwag\u0119 wszystkich aspekt\u00f3w sprawy \u2013 relacji rodzinnych mi\u0119dzy np<br \/>\nwsp\u00f3\u0142w\u0142a\u015bcicielami nieruchomo\u015bci, interes\u00f3w prawnych stron, mo\u017cliwo\u015bci finansowych<br \/>\nklient\u00f3w itp<\/strong><\/span><\/p>\n<p><span style=\"color: #000000;\"><strong>Us\u0142ugi Geodezyjne Piotr Dusza-Potocki<\/strong><\/span><\/p>\n<p><span style=\"color: #000000;\"><strong>geodeta uprawniony, nr upr. 17165, bieg\u0142y S\u0105du Okr\u0119gowego w Krakowie<\/strong><\/span><\/p>\n<p><span style=\"color: #000000;\"><strong>31-279 Krak\u00f3w, ul. \u0141okietka 57\/6<\/strong><\/span><\/p>\n<p><span style=\"color: #000000;\"><strong>\u00a0<\/strong><\/span><\/p>\n<p><span style=\"color: #800000;\"><strong>Kontakt:<\/strong><\/span><\/p>\n<p><span style=\"color: #000000;\"><strong>Tel kom. 606102074<\/strong><\/span><\/p>\n<p><span style=\"color: #000000;\"><strong>Tel. stac. (12)6264701<\/strong><\/span><\/p>\n<p><span style=\"color: #000000;\"><strong>e-mail: <a style=\"color: #000000;\" href=\"mailto:potockipiotr@op.pl\">potockipiotr@op.pl<\/a><\/strong><\/span><\/p>\n","protected":false},"excerpt":{"rendered":"<p>Zasady wsp\u00f3\u0142pracy z klientami: &nbsp; \u2013 rozmowa wst\u0119pna, rozeznanie sprawy \u2013 gratis \u2013 brak sztywnego cennika, indywidualne uzgadnianie z Klientem [&hellip;]<\/p>\n","protected":false},"author":1,"featured_media":0,"parent":0,"menu_order":3,"comment_status":"closed","ping_status":"closed","template":"","meta":{"footnotes":""},"class_list":["post-19","page","type-page","status-publish","hentry"],"aioseo_notices":[],"_links":{"self":[{"href":"https:\/\/geodeta-krakow.com.pl\/index.php\/wp-json\/wp\/v2\/pages\/19","targetHints":{"allow":["GET"]}}],"collection":[{"href":"https:\/\/geodeta-krakow.com.pl\/index.php\/wp-json\/wp\/v2\/pages"}],"about":[{"href":"https:\/\/geodeta-krakow.com.pl\/index.php\/wp-json\/wp\/v2\/types\/page"}],"author":[{"embeddable":true,"href":"https:\/\/geodeta-krakow.com.pl\/index.php\/wp-json\/wp\/v2\/users\/1"}],"replies":[{"embeddable":true,"href":"https:\/\/geodeta-krakow.com.pl\/index.php\/wp-json\/wp\/v2\/comments?post=19"}],"version-history":[{"count":2,"href":"https:\/\/geodeta-krakow.com.pl\/index.php\/wp-json\/wp\/v2\/pages\/19\/revisions"}],"predecessor-version":[{"id":40,"href":"https:\/\/geodeta-krakow.com.pl\/index.php\/wp-json\/wp\/v2\/pages\/19\/revisions\/40"}],"wp:attachment":[{"href":"https:\/\/geodeta-krakow.com.pl\/index.php\/wp-json\/wp\/v2\/media?parent=19"}],"curies":[{"name":"wp","href":"https:\/\/api.w.org\/{rel}","templated":true}]}}