{"id":2,"date":"2023-09-18T10:11:47","date_gmt":"2023-09-18T08:11:47","guid":{"rendered":"http:\/\/geodeta-krakow.com.pl\/?page_id=2"},"modified":"2024-03-04T08:49:07","modified_gmt":"2024-03-04T07:49:07","slug":"przykladowa-strona","status":"publish","type":"page","link":"https:\/\/geodeta-krakow.com.pl\/","title":{"rendered":"O firmie"},"content":{"rendered":"<h3><\/h3>\n<h3><span style=\"color: #000000;\"><img loading=\"lazy\" decoding=\"async\" class=\"size-large wp-image-42 aligncenter\" src=\"http:\/\/geodeta-krakow.com.pl\/wp-content\/uploads\/2024\/03\/polaczeniepoprawka-1024x535.jpg\" alt=\"\" width=\"1024\" height=\"535\" srcset=\"https:\/\/geodeta-krakow.com.pl\/wp-content\/uploads\/2024\/03\/polaczeniepoprawka-1024x535.jpg 1024w, https:\/\/geodeta-krakow.com.pl\/wp-content\/uploads\/2024\/03\/polaczeniepoprawka-300x157.jpg 300w, https:\/\/geodeta-krakow.com.pl\/wp-content\/uploads\/2024\/03\/polaczeniepoprawka-768x401.jpg 768w, https:\/\/geodeta-krakow.com.pl\/wp-content\/uploads\/2024\/03\/polaczeniepoprawka-1536x802.jpg 1536w, https:\/\/geodeta-krakow.com.pl\/wp-content\/uploads\/2024\/03\/polaczeniepoprawka.jpg 1562w\" sizes=\"auto, (max-width: 1024px) 100vw, 1024px\" \/><\/span><\/h3>\n<h2><\/h2>\n<h2 style=\"text-align: center;\"><span style=\"color: #000000;\"><strong>Geodeta bieg\u0142y s\u0105dowy Piotr Dusza-Potocki<\/strong><\/span><\/h2>\n<p>&nbsp;<\/p>\n<h4 style=\"text-align: center;\"><span style=\"color: #000000;\">Firma istnieje od 23 lat. W tym okresie wykonali\u015bmy ogromn\u0105 ilo\u015b\u0107 trudnych opracowa\u0144 g\u0142\u00f3wnie w zakresie geodezyjno-prawnej obs\u0142ugi nieruchomo\u015bci. Operaty pomiarowe dokumentuj\u0105ce te opracowania znajduj\u0105 si\u0119 w zasobach miejskiego i powiatowego o\u015brodka dokumentacji. <\/span><br \/>\n<span style=\"color: #000000;\">Ustalili\u015bmy wiele spornych odcink\u00f3w granic, doprowadzaj\u0105c do ugody mi\u0119dzy naszymi Klientami a ich s\u0105siadami \u201ezza miedzy\u201d. Podzielili\u015bmy setki dzia\u0142ek, wykonali\u015bmy wiele map i dokument\u00f3w do cel\u00f3w prawnych.<\/span><\/h4>\n<h3><\/h3>\n<h3 style=\"text-align: center;\"><span style=\"color: #000000;\"><strong>Us\u0142ugi Geodezyjne Piotr Dusza-Potocki<\/strong><\/span><\/h3>\n<h3 style=\"text-align: center;\"><span style=\"color: #000000;\"><strong>Geodeta uprawniony, nr upr. 17165, bieg\u0142y S\u0105du Okr\u0119gowego w Krakowie<\/strong><\/span><br \/>\n<span style=\"color: #000000;\"><strong>31-279 Krak\u00f3w, ul. \u0141okietka 57\/6<\/strong><\/span><\/h3>\n<h3><\/h3>\n<h3 style=\"text-align: center;\"><span style=\"color: #800000;\"><strong>Kontakt:<\/strong><\/span><br \/>\n<span style=\"color: #000000;\"><strong>Tel kom. 606 102 074<\/strong><\/span><br \/>\n<span style=\"color: #000000;\"><strong>Tel. stac. (12) 626 47 01<\/strong><\/span><br \/>\n<span style=\"color: #000000;\"><strong>e-mail: potockipiotr@op.pl<\/strong><\/span><\/h3>\n","protected":false},"excerpt":{"rendered":"<p>Geodeta bieg\u0142y s\u0105dowy Piotr Dusza-Potocki &nbsp; Firma istnieje od 23 lat. W tym okresie wykonali\u015bmy ogromn\u0105 ilo\u015b\u0107 trudnych opracowa\u0144 g\u0142\u00f3wnie [&hellip;]<\/p>\n","protected":false},"author":1,"featured_media":0,"parent":0,"menu_order":0,"comment_status":"closed","ping_status":"open","template":"","meta":{"footnotes":""},"class_list":["post-2","page","type-page","status-publish","hentry"],"aioseo_notices":[],"_links":{"self":[{"href":"https:\/\/geodeta-krakow.com.pl\/index.php\/wp-json\/wp\/v2\/pages\/2","targetHints":{"allow":["GET"]}}],"collection":[{"href":"https:\/\/geodeta-krakow.com.pl\/index.php\/wp-json\/wp\/v2\/pages"}],"about":[{"href":"https:\/\/geodeta-krakow.com.pl\/index.php\/wp-json\/wp\/v2\/types\/page"}],"author":[{"embeddable":true,"href":"https:\/\/geodeta-krakow.com.pl\/index.php\/wp-json\/wp\/v2\/users\/1"}],"replies":[{"embeddable":true,"href":"https:\/\/geodeta-krakow.com.pl\/index.php\/wp-json\/wp\/v2\/comments?post=2"}],"version-history":[{"count":7,"href":"https:\/\/geodeta-krakow.com.pl\/index.php\/wp-json\/wp\/v2\/pages\/2\/revisions"}],"predecessor-version":[{"id":44,"href":"https:\/\/geodeta-krakow.com.pl\/index.php\/wp-json\/wp\/v2\/pages\/2\/revisions\/44"}],"wp:attachment":[{"href":"https:\/\/geodeta-krakow.com.pl\/index.php\/wp-json\/wp\/v2\/media?parent=2"}],"curies":[{"name":"wp","href":"https:\/\/api.w.org\/{rel}","templated":true}]}}